- 3. Let b(n) = 3*n + 3. Let y be b(-2). Let q be 3*(0 - 1)*y. What is the remainder when g(q) is divided by 9?
6
Suppose -4*o + 10 = -2*r, -1 + 5 = -4*r. Let h be (-11)/(-4) + o/8. Suppose 27 = 2*y - h. What is the remainder when 29 is divided by y?
14
Suppose -64 = -5*f + u - 19, 0 = -5*f - 2*u + 45. Calculate the remainder when (2 + -24)*(-18)/12 is divided by f.
6
Let g(d) = d**3 - 15*d**2 + 18*d - 32. What is the remainder when 68 is divided by g(14)?
20
Let p be (1 + -1 + 0)/2. What is the remainder when 71 + p + 2 - -1 is divided by 38?
36
Suppose 2*o = -3*o + 20. Calculate the remainder when 22 is divided by o.
2
Let y(t) = t**3 + 15*t**2 + 10*t - 33. Suppose 0 = n - 0*n. Suppose n = -2*v + 7*v - 60. What is the remainder when y(-14) is divided by v?
11
Calculate the remainder when ((-17)/3)/(-1 + (-40)/(-45)) is divided by 13.
12
Suppose j = 10 + 10. What is the remainder when j is divided by 7?
6
Let o(c) be the third derivative of c**5/30 - c**4/6 + c**3/6 - 3*c**2. What is the remainder when 13 is divided by o(3)?
6
Let m(i) = -3*i - 2 - 6 + 2 + i**2 + 0. What is the remainder when 33 is divided by m(6)?
9
Suppose -3*c + v + 38 = 0, -3*c + 53 = c + v. Calculate the remainder when (-1 + 23/4)*8 is divided by c.
12
Let o be ((-14)/(-3))/((-8)/(-12)). Suppose 0 = 2*c + 5*d - o, -5*c + 85 = -4*d - 15. Calculate the remainder when 45 is divided by c.
13
Suppose -4*f + 90 = f. What is the remainder when f is divided by 7?
4
Let s(x) = -16*x**2 + 6*x + 6. Let g(o) = -15*o**2 + 5*o + 5. Let j(d) = -5*g(d) + 4*s(d). Calculate the remainder when j(-1) is divided by -1 + (-1 - 5/(-1)).
2
Suppose 0*f = 4*f - 72. What is the remainder when 87 is divided by f?
15
Suppose 4*m - 407 = -5*j, j = 5*j - 2*m - 336. Suppose 3*x - 48 = 3*w, -3*w + 78 = -4*x + 7*x. What is the remainder when j is divided by x?
20
Let j be 1*-8*8/4. Let h = j - -31. What is the remainder when (3 + 7/(-2))*-86 is divided by h?
13
Let o(b) = -b + 1. Let d(k) = 5*k - 1. Let m(f) = d(f) + 4*o(f). Let p be m(6). Suppose 85 - p = 4*v. Calculate the remainder when v is divided by 7.
5
Let i(q) = q**3 + 5*q**2 - 5*q + 6. Calculate the remainder when i(-5) is divided by 8.
7
Let u(z) = 3*z - 24. Calculate the remainder when 33 is divided by u(10).
3
Suppose -4*c + 4*h = 3*h - 64, 0 = 4*h + 16. Suppose 79 + 217 = 4*a. What is the remainder when a is divided by c?
14
Let y = 7 + -10. What is the remainder when 5*y/30*-6 is divided by 2?
1
Suppose -5*d = -g + 57, 5*d - 87 = -g + 4*d. What is the remainder when g is divided by 21?
19
Let g(l) = -1 - 2*l + 1. Suppose 2*a + 6*a - 224 = 0. What is the remainder when a is divided by g(-5)?
8
Suppose 2*c = -3*q + 35, 2*q - 80 = -4*c - 22. Calculate the remainder when 25 is divided by c.
12
Let m = 17 - 6. Calculate the remainder when 32 is divided by m.
10
Let i be 16*3/18*3. Let u(h) = 6*h + 2*h**2 + i - 9*h**2 + h**3 - h**3 + h**3. Calculate the remainder when 15 is divided by u(6).
7
Let t = -53 + 100. Suppose 5*d = p - 4, -4*p - 2*d + t = -13. Calculate the remainder when p is divided by 5.
4
Let x = -21 + 26. What is the remainder when 9 is divided by x?
4
Let p = -212 - -332. What is the remainder when p is divided by 41?
38
Calculate the remainder when 744/22 - (84/22 - 4) is divided by (2/(2/9))/1.
7
Suppose 3*n + 75 = 8*n - 5*l, 0 = -3*l + 3. Suppose -3*w + 38 = -n. What is the remainder when 33 is divided by w?
15
Suppose 1 - 12 = -r. Suppose -r - 7 = -3*b. Suppose -21 + 5 = -t. Calculate the remainder when t is divided by b.
4
Let l(v) be the third derivative of -1/15*v**5 - 1/40*v**6 - v**2 + 0*v - 1/8*v**4 - 1/3*v**3 + 0. Calculate the remainder when 35 is divided by l(-2).
11
Suppose 3*z + 2*g - 104 = -z, 0 = -2*z - 4*g + 40. Calculate the remainder when 81 is divided by z.
25
Let p = 35 + -12. Suppose -3*k = -85 - 119. Calculate the remainder when k is divided by p.
22
Let l(z) = -5*z + 2. What is the remainder when l(-2) is divided by 8?
4
Let k(r) = r**3 - r - 17. Let j be k(0). Let p = j + 24. Let a = -39 + 59. Calculate the remainder when a is divided by p.
6
Let h be ((-10)/(-8))/(3/24). What is the remainder when ((-96)/15)/((-2)/h) is divided by 11?
10
Let i(h) = h**2 - 6*h + 5. Let t be i(7). Suppose 4*n - 4 - t = 0. Suppose -n*g + 9*g - 140 = 0. Calculate the remainder when g is divided by 15.
13
Let i(s) = -2*s + 1. Suppose -402 = 3*c - 9*c. Let j = c + -40. What is the remainder when j is divided by i(-3)?
6
What is the remainder when 19 is divided by 1 + (1 + -11)/(-1)?
8
Calculate the remainder when (-1)/(0 - 3/33) is divided by 6.
5
Let l be 112/(-3) - 2/(-6). Let y be 3/((-6)/(-2))*-25. Let b = y - l. What is the remainder when 34 is divided by b?
10
Let k(w) = w**2 + w + 23. Let q(t) = t**2 - 2*t**2 - 2*t**3 + 0*t**3 + 2*t. What is the remainder when k(0) is divided by q(-2)?
7
Let k(u) = 3*u + 1. Let c be k(-1). Let d be -3*(c - 8/(-3)). Calculate the remainder when 29 is divided by d/8*-2*20.
9
Suppose 0 = h + d - 3, 4*h + d = 5*d - 4. Let r be 1/(-2) + (-4)/(-8). Calculate the remainder when 10 is divided by r - (-8 - (h - 3)).
4
Suppose -5*n - 2*k + 55 = 0, -3*n - 2*k + 29 + 8 = 0. Calculate the remainder when 34 is divided by n.
7
Let p(k) = -6*k - 1. Calculate the remainder when (-42)/4*4/(-3) is divided by p(-1).
4
Let a = 8 - -44. Let v = 25 - a. Let z = v + 46. What is the remainder when 56 is divided by z?
18
Let i = 28 - 16. Let n(d) = d**2 + 8*d + 7. What is the remainder when i is divided by n(0)?
5
Suppose -135 - 33 = -4*y. Suppose -d = -0*d - 11. What is the remainder when y is divided by d?
9
Suppose -2*h = 3*h - 15. Suppose 3*k + 0*f - h*f = 42, 2*k + 3*f - 38 = 0. What is the remainder when k is divided by 6?
4
Suppose -u + 1 = 2*y, 20 = 4*u + 5*y + 1. Let p(n) = 7*n**2 - 2*n. Calculate the remainder when p(-2) is divided by u.
10
Let g(x) be the second derivative of 3*x**5/20 - x**4/3 + x**2 - 5*x. Suppose -5*o - 16 = 2*i - 7, 2*o = -6. Calculate the remainder when g(i) is divided by 12.
11
Let f(z) = -z**2 - z - 1. Let o(q) = -5*q**2 + 3*q - 1. Let i(b) = -6*f(b) + o(b). Suppose 2*m + 31 = 11. Calculate the remainder when i(m) is divided by 9.
6
Let b = -2 + 5. Suppose -b*r + 332 = r. Calculate the remainder when r is divided by 21.
20
Suppose 0 = -27*h + 23*h + 24. What is the remainder when 15 is divided by h?
3
Let k be (-3)/(-2)*(-1 + 25). Let o = -20 + k. Let b = -203 - -209. Calculate the remainder when o is divided by b.
4
Calculate the remainder when 139 is divided by (-2 + 22/4)*10.
34
Let y be -1*(2 - 1) - -3. Suppose -2*h = u - 8, -y = -5*u + 2*h + 2. Suppose -72 = -u*l - 0*l. What is the remainder when l is divided by 19?
17
What is the remainder when 6 is divided by (-2)/11 - (-65)/55?
0
Suppose 4*t - 49 = 3*u, -2*t + 15 = -t + 2*u. Let w = -37 - -74. What is the remainder when w is divided by t?
11
Suppose -5*y - 6 = -16. Suppose y*k + 0 = 4. Suppose -k*v = -5*v + 15. What is the remainder when v is divided by 3?
2
Suppose 94*n + 3 = 95*n. What is the remainder when 21 is divided by n?
0
Let c = 97 + -93. What is the remainder when 6 is divided by c?
2
Let z(k) = -1. Let v(t) = 14*t**3 + t**2 - 5. Let p(a) = v(a) - 5*z(a). What is the remainder when 58 is divided by p(1)?
13
Calculate the remainder when 123 is divided by ((-14)/8)/(((-64)/8)/192).
39
Let p(b) = -b**3 + 13*b**2 - 8*b + 10. Let i be p(12). Let m = i - 32. What is the remainder when 76 is divided by m?
24
Let n = 11 - 7. Suppose 3*s - 16 = -n. What is the remainder when 16 is divided by 3 + s + -1 + 0?
4
Let j(w) = -w**2 - 4*w - 3. Let z be j(-3). Suppose -k - 4*k + 20 = 0. Suppose k*p = -z*p + 28. What is the remainder when p is divided by 4?
3
Suppose 77 = r + 2*k, 0 = -3*k + 6*k - 9. Suppose -4*z + 4*f + 36 = -3*z, 5*f = -4*z + 81. What is the remainder when r is divided by z?
23
Suppose h - 2*l - 39 = 0, 5*h - 146 = h - 2*l. Calculate the remainder when h is divided by 0 + 8 + (-8)/(-4).
7
Suppose -4 = -4*v + 4. Suppose -v*o = -3*o + 3. Suppose 65 = o*z + 2*z. What is the remainder when 24 is divided by z?
11
What is the remainder when 0/(-1) + 25 + -7 is divided by 10?
8
Let r = -7 + 3. Let z = 6 - 3. Calculate the remainder when ((-10)/r)/((-2)/(-4)) is divided by z.
2
Let t(x) = x**3 + 11. Let z(d) =